{"id":3357,"date":"2018-07-09T13:22:41","date_gmt":"2018-07-09T12:22:41","guid":{"rendered":"https:\/\/representanteaduanero.cursospropiosbergara.eus\/irakasleria\/"},"modified":"2026-07-29T07:31:53","modified_gmt":"2026-07-29T06:31:53","slug":"irakasleria","status":"publish","type":"page","link":"https:\/\/representanteaduanero.cursospropiosbergara.eus\/eu\/irakasleria\/","title":{"rendered":"Irakasleria"},"content":{"rendered":"<p>[et_pb_section fb_built=&#8221;1&#8243; _builder_version=&#8221;4.27.7&#8243; _module_preset=&#8221;default&#8221; background_image=&#8221;https:\/\/representanteaduanero.cursospropiosbergara.eus\/wp-content\/uploads\/2018\/07\/gobernanza-jendetza.jpg&#8221; global_colors_info=&#8221;{}&#8221;][et_pb_row _builder_version=&#8221;4.27.7&#8243; _module_preset=&#8221;default&#8221; global_colors_info=&#8221;{}&#8221;][et_pb_column type=&#8221;4_4&#8243; _builder_version=&#8221;4.27.7&#8243; _module_preset=&#8221;default&#8221; global_colors_info=&#8221;{}&#8221;][et_pb_text _builder_version=&#8221;4.27.7&#8243; _module_preset=&#8221;default&#8221; background_layout=&#8221;dark&#8221; global_colors_info=&#8221;{}&#8221;]<\/p>\n<h1 style=\"text-align: center;\">Irakasleria<\/h1>\n<p>[\/et_pb_text][\/et_pb_column][\/et_pb_row][\/et_pb_section][et_pb_section fb_built=&#8221;1&#8243; _builder_version=&#8221;4.27.7&#8243; _module_preset=&#8221;default&#8221; global_colors_info=&#8221;{}&#8221;][et_pb_row column_structure=&#8221;2_5,3_5&#8243; _builder_version=&#8221;4.27.7&#8243; _module_preset=&#8221;default&#8221; global_colors_info=&#8221;{}&#8221;][et_pb_column type=&#8221;2_5&#8243; _builder_version=&#8221;4.27.7&#8243; _module_preset=&#8221;default&#8221; global_colors_info=&#8221;{}&#8221;][et_pb_image src=&#8221;https:\/\/representanteaduanero.cursospropiosbergara.eus\/wp-content\/uploads\/2018\/09\/belintxon.jpg&#8221; title_text=&#8221;belintxon&#8221; _builder_version=&#8221;4.27.7&#8243; _module_preset=&#8221;default&#8221; global_colors_info=&#8221;{}&#8221;][\/et_pb_image][\/et_pb_column][et_pb_column type=&#8221;3_5&#8243; _builder_version=&#8221;4.27.7&#8243; _module_preset=&#8221;default&#8221; global_colors_info=&#8221;{}&#8221;][et_pb_text _builder_version=&#8221;4.27.7&#8243; _module_preset=&#8221;default&#8221; global_colors_info=&#8221;{}&#8221;]<\/p>\n<h4>Unai Belintxon Mart\u00edn<\/h4>\n<h6>Zuzendaria<\/h6>\n<p>Unai Belintxon Mart\u00edn Nazioarteko Zuzenbide Pribatuko irakasle titularra da Nafarroako Unibertsitate Publikoan (UPNA), eta jarduneko abokatua Gipuzkoako Abokatuen Elkargoan (2009-2016). Belintxon irakaslearen ikerketa-jarduera, batez ere, Europako eta nazioarteko garraioaren zuzenbidean, nazioarteko zuzenbide pribatuan, nazioarteko merkataritzaren zuzenbidean, nazioarteko zuzenbide prozesal zibilean, garraioaren sektoreko lehiaren zuzenbidean, giza eskubideetan eta nazioarteko negozioetan, eta eskualdeen arteko zuzenbidean eta barne-gatazketan oinarritzen da. Ikerketa-egonaldiak burutu ditu ISDC-en, Institut Suisse de Droit Compar\u00e9 (Lausana-Suiza), 2013, 2015, 2017, 2019 urteetan; eta International Institute For The Unification of Private Law-en, 2016 eta 2017an.<\/p>\n<p>[\/et_pb_text][\/et_pb_column][\/et_pb_row][\/et_pb_section][et_pb_section fb_built=&#8221;1&#8243; _builder_version=&#8221;4.27.7&#8243; _module_preset=&#8221;default&#8221; background_color=&#8221;#eaeaea&#8221; global_colors_info=&#8221;{}&#8221; custom_padding=&#8221;||3px|||&#8221;][et_pb_row _builder_version=&#8221;4.27.7&#8243; _module_preset=&#8221;default&#8221; global_colors_info=&#8221;{}&#8221;][et_pb_column type=&#8221;4_4&#8243; _builder_version=&#8221;4.27.7&#8243; _module_preset=&#8221;default&#8221; global_colors_info=&#8221;{}&#8221;][et_pb_text _builder_version=&#8221;4.27.7&#8243; _module_preset=&#8221;default&#8221; global_colors_info=&#8221;{}&#8221;]<\/p>\n<h2>Zuzendariordeak:<\/h2>\n<ul>\n<li>Fern\u00e1ndez de Casadevante Mayordomo, Pablo. Irakasle Titularra, Doktorea. Universidad Rey Juan Carlos de Madrid.<\/li>\n<li>Urrosolo Mu\u00f1oz, Josune, Profesora IES Plaiaundi BHI.<\/li>\n<\/ul>\n<h2>Irakasleria:<\/h2>\n<ul>\n<li>\u00c1lvarez Rubio, Juan Jos\u00e9. Nazioarteko Zuzenbide Pribatuko Katedraduna. EHU\/UPV.<\/li>\n<li>Aneiros Pereira, Jaime. Zerga-Zuzenbidean eta Finantza Zuzenbidean Irakasle Tituluduna Vigoko Unibertsitatean.<\/li>\n<li>Ant\u00f3n Garmendia, Unai. Aduana Ordezkaria, AEAT.<\/li>\n<li>Belintxon Martin, Unai. Nazioarteko Zuzenbide Pribatuko irakasle Titularra. UPNA.<\/li>\n<li>Chicharro L\u00e1zaro, Alicia. Irakasle kontratuduna Nazioarteko Zuzenbide Publikoan Doktorea. UPNA.<\/li>\n<li>Emparanza Sobejano, Alberto. Katedraduna Merkataritza Zuzenbidean, UPV\/EHU.<\/li>\n<li>Engel Cellier, Luis. Aduana-agentea \u271f<\/li>\n<li>Casado Abarquero, Marta. Nazioarteko Zuzenbide Pribatuko Irakasle Kontratatua. Deustuko Unibertsitatea.<\/li>\n<li>Castro Bosque, Marina. Zerga-Zuzenbidean eta Finantza Zuzenbidean Irakasle Doktorea, UPNA.<\/li>\n<li>Fern\u00e1ndez de Casadevante Mayordomo, Pablo. Irakasle Titularra, Doktorea. Universidad Rey Juan Carlos de Madrid.<\/li>\n<li>Fern\u00e1ndez Llamero, Zuri\u00f1e. Aduana-agentea<\/li>\n<li>Fern\u00e1ndez Zurilla, Eva. Irakaslea.<\/li>\n<li>Garc\u00eda \u00c1lvarez, Bel\u00e9n. Irakasle Arduraduna, Doktorea Merkataritza Zuzenbidean. Deustuko Unibertsitatea.<\/li>\n<li>Gluhaia, Irakasle Laguntzailea, UNIR<\/li>\n<li>Guti\u00e9rrez Grijalba, Pablo. Aduana-Ordezkaria eta Aduana Zuzendaria. XPO Logistics.<\/li>\n<li>Iriarte \u00c1ngel, Jos\u00e9 Luis. Nazioarteko Zuzenbide Pribatuko Katedraduna. UPNA.<\/li>\n<li>Lara Gonz\u00e1lez, Rafael. Merkataritza Zuzenbideko Katedraduna. UPNA.<\/li>\n<li>Magall\u00f3n Elosegui, Nerea. Ramon y Cajal Nazioarteko Zuzenbide Pribatuko Irakasle Ikerlaria. Deustuko Unibertsitatea.<\/li>\n<li>Mart\u00ednez Mart\u00ednez, Enrique. Aduana-agentea.<\/li>\n<li>Mesa D\u00e1vila, Francisco. Nazioarteko Zuzenbide Pribatuko Irakaslea.<\/li>\n<li>Orbegozo Miguel, Xabier. Nazioarteko Zuzenbide Pribatuko Irakaslea. UPNA.<\/li>\n<li>Orena Dom\u00ednguez, Aitor. Zerga-Zuzenbidean eta Finantza-Zuzenbidean Irakasle Tituluduna. EHU\/UPV.<\/li>\n<li>Palao Bastard\u00e9s, Bel\u00e9n, BLN PALAO ABOGADOS, S.L.P-ko Zuzendari-bazkidea.<\/li>\n<li>Urrosolo Mu\u00f1oz, Josune. Irakaslea IES Plaiaundi BHI.<\/li>\n<li>Visiers Echeveste, Carmen, Aduana Ordezkaria.<\/li>\n<li>Visiers Lecanda, Martin Aduana-Agentea.<\/li>\n<li>Zurutuza Arigita, I\u00f1aki. Merkataritza-Zuzenbideko irakasle titularra. UPNA.<\/li>\n<\/ul>\n<p>[\/et_pb_text][\/et_pb_column][\/et_pb_row][\/et_pb_section][et_pb_section fb_built=&#8221;1&#8243; theme_builder_area=&#8221;post_content&#8221; _builder_version=&#8221;4.27.7&#8243; _module_preset=&#8221;default&#8221; custom_padding=&#8221;4px|||||&#8221;][et_pb_row _builder_version=&#8221;4.27.7&#8243; _module_preset=&#8221;default&#8221; min_height=&#8221;152.6px&#8221; global_colors_info=&#8221;{}&#8221; theme_builder_area=&#8221;post_content&#8221;][et_pb_column type=&#8221;4_4&#8243; _builder_version=&#8221;4.27.7&#8243; _module_preset=&#8221;default&#8221; global_colors_info=&#8221;{}&#8221; theme_builder_area=&#8221;post_content&#8221;][et_pb_divider _builder_version=&#8221;4.27.7&#8243; _module_preset=&#8221;default&#8221; module_alignment=&#8221;center&#8221; custom_margin=&#8221;||0px|||&#8221; global_colors_info=&#8221;{}&#8221; theme_builder_area=&#8221;post_content&#8221;][\/et_pb_divider][et_pb_text _builder_version=&#8221;4.27.7&#8243; _module_preset=&#8221;default&#8221; text_font=&#8221;|700|||||||&#8221; text_font_size=&#8221;26px&#8221; global_colors_info=&#8221;{}&#8221; theme_builder_area=&#8221;post_content&#8221;]<\/p>\n<p>Kolaboratzaileak<\/p>\n<p>[\/et_pb_text][et_pb_image src=&#8221;https:\/\/representanteaduanero.cursospropiosbergara.eus\/wp-content\/uploads\/2026\/07\/faldon_Colaboradcores_Representante.png&#8221; alt=&#8221;fald\u00f3n_Representante-Aduanero&#8221; title_text=&#8221;faldon_Colaboradcores_Representante&#8221; _builder_version=&#8221;4.27.7&#8243; _module_preset=&#8221;default&#8221; global_colors_info=&#8221;{}&#8221; theme_builder_area=&#8221;post_content&#8221;][\/et_pb_image][\/et_pb_column][\/et_pb_row][\/et_pb_section]<\/p>\n","protected":false},"excerpt":{"rendered":"<p>IrakasleriaUnai Belintxon Mart\u00edn Zuzendaria Unai Belintxon Mart\u00edn Nazioarteko Zuzenbide Pribatuko irakasle titularra da Nafarroako Unibertsitate Publikoan (UPNA), eta jarduneko abokatua Gipuzkoako Abokatuen Elkargoan (2009-2016). Belintxon irakaslearen ikerketa-jarduera, batez ere, Europako eta nazioarteko garraioaren zuzenbidean, nazioarteko zuzenbide pribatuan, nazioarteko merkataritzaren zuzenbidean, nazioarteko zuzenbide prozesal zibilean, garraioaren sektoreko lehiaren zuzenbidean, giza eskubideetan eta nazioarteko negozioetan, eta eskualdeen [&hellip;]<\/p>\n","protected":false},"author":6,"featured_media":0,"parent":0,"menu_order":0,"comment_status":"closed","ping_status":"closed","template":"","meta":{"_et_pb_use_builder":"on","_et_pb_old_content":"","_et_gb_content_width":"","footnotes":""},"class_list":["post-3357","page","type-page","status-publish","hentry"],"_links":{"self":[{"href":"https:\/\/representanteaduanero.cursospropiosbergara.eus\/eu\/wp-json\/wp\/v2\/pages\/3357","targetHints":{"allow":["GET"]}}],"collection":[{"href":"https:\/\/representanteaduanero.cursospropiosbergara.eus\/eu\/wp-json\/wp\/v2\/pages"}],"about":[{"href":"https:\/\/representanteaduanero.cursospropiosbergara.eus\/eu\/wp-json\/wp\/v2\/types\/page"}],"author":[{"embeddable":true,"href":"https:\/\/representanteaduanero.cursospropiosbergara.eus\/eu\/wp-json\/wp\/v2\/users\/6"}],"replies":[{"embeddable":true,"href":"https:\/\/representanteaduanero.cursospropiosbergara.eus\/eu\/wp-json\/wp\/v2\/comments?post=3357"}],"version-history":[{"count":5,"href":"https:\/\/representanteaduanero.cursospropiosbergara.eus\/eu\/wp-json\/wp\/v2\/pages\/3357\/revisions"}],"predecessor-version":[{"id":3416,"href":"https:\/\/representanteaduanero.cursospropiosbergara.eus\/eu\/wp-json\/wp\/v2\/pages\/3357\/revisions\/3416"}],"wp:attachment":[{"href":"https:\/\/representanteaduanero.cursospropiosbergara.eus\/eu\/wp-json\/wp\/v2\/media?parent=3357"}],"curies":[{"name":"wp","href":"https:\/\/api.w.org\/{rel}","templated":true}]}}

<p>[et_pb_section fb_built=&#8221;1&#8243; _builder_version=&#8221;4.27.7&#8243; _module_preset=&#8221;default&#8221; background_image=&#8221;https://representanteaduanero.cursospropiosbergara.eus/wp-content/uploads/2018/07/gobernanza-jendetza.jpg&#8221; global_colors_info=&#8221;{}&#8221;][et_pb_row _builder_version=&#8221;4.27.7&#8243; _module_preset=&#8221;default&#8221; global_colors_info=&#8221;{}&#8221;][et_pb_column type=&#8221;4_4&#8243; _builder_version=&#8221;4.27.7&#8243; _module_preset=&#8221;default&#8221; global_colors_info=&#8221;{}&#8221;][et_pb_text _builder_version=&#8221;4.27.7&#8243; _module_preset=&#8221;default&#8221; background_layout=&#8221;dark&#8221; global_colors_info=&#8221;{}&#8221;]</p>
<h1 style="text-align: center;">Irakasleria</h1>
<p>[/et_pb_text][/et_pb_column][/et_pb_row][/et_pb_section][et_pb_section fb_built=&#8221;1&#8243; _builder_version=&#8221;4.27.7&#8243; _module_preset=&#8221;default&#8221; global_colors_info=&#8221;{}&#8221;][et_pb_row column_structure=&#8221;2_5,3_5&#8243; _builder_version=&#8221;4.27.7&#8243; _module_preset=&#8221;default&#8221; global_colors_info=&#8221;{}&#8221;][et_pb_column type=&#8221;2_5&#8243; _builder_version=&#8221;4.27.7&#8243; _module_preset=&#8221;default&#8221; global_colors_info=&#8221;{}&#8221;][et_pb_image src=&#8221;https://representanteaduanero.cursospropiosbergara.eus/wp-content/uploads/2018/09/belintxon.jpg&#8221; title_text=&#8221;belintxon&#8221; _builder_version=&#8221;4.27.7&#8243; _module_preset=&#8221;default&#8221; global_colors_info=&#8221;{}&#8221;][/et_pb_image][/et_pb_column][et_pb_column type=&#8221;3_5&#8243; _builder_version=&#8221;4.27.7&#8243; _module_preset=&#8221;default&#8221; global_colors_info=&#8221;{}&#8221;][et_pb_text _builder_version=&#8221;4.27.7&#8243; _module_preset=&#8221;default&#8221; global_colors_info=&#8221;{}&#8221;]</p>
<h4>Unai Belintxon Martín</h4>
<h6>Zuzendaria</h6>
<p>Unai Belintxon Martín Nazioarteko Zuzenbide Pribatuko irakasle titularra da Nafarroako Unibertsitate Publikoan (UPNA), eta jarduneko abokatua Gipuzkoako Abokatuen Elkargoan (2009-2016). Belintxon irakaslearen ikerketa-jarduera, batez ere, Europako eta nazioarteko garraioaren zuzenbidean, nazioarteko zuzenbide pribatuan, nazioarteko merkataritzaren zuzenbidean, nazioarteko zuzenbide prozesal zibilean, garraioaren sektoreko lehiaren zuzenbidean, giza eskubideetan eta nazioarteko negozioetan, eta eskualdeen arteko zuzenbidean eta barne-gatazketan oinarritzen da. Ikerketa-egonaldiak burutu ditu ISDC-en, Institut Suisse de Droit Comparé (Lausana-Suiza), 2013, 2015, 2017, 2019 urteetan; eta International Institute For The Unification of Private Law-en, 2016 eta 2017an.</p>
<p>[/et_pb_text][/et_pb_column][/et_pb_row][/et_pb_section][et_pb_section fb_built=&#8221;1&#8243; _builder_version=&#8221;4.27.7&#8243; _module_preset=&#8221;default&#8221; background_color=&#8221;#eaeaea&#8221; global_colors_info=&#8221;{}&#8221; custom_padding=&#8221;||3px|||&#8221;][et_pb_row _builder_version=&#8221;4.27.7&#8243; _module_preset=&#8221;default&#8221; global_colors_info=&#8221;{}&#8221;][et_pb_column type=&#8221;4_4&#8243; _builder_version=&#8221;4.27.7&#8243; _module_preset=&#8221;default&#8221; global_colors_info=&#8221;{}&#8221;][et_pb_text _builder_version=&#8221;4.27.7&#8243; _module_preset=&#8221;default&#8221; global_colors_info=&#8221;{}&#8221;]</p>
<h2>Zuzendariordeak:</h2>
<ul>
<li>Fernández de Casadevante Mayordomo, Pablo. Irakasle Titularra, Doktorea. Universidad Rey Juan Carlos de Madrid.</li>
<li>Urrosolo Muñoz, Josune, Profesora IES Plaiaundi BHI.</li>
</ul>
<h2>Irakasleria:</h2>
<ul>
<li>Álvarez Rubio, Juan José. Nazioarteko Zuzenbide Pribatuko Katedraduna. EHU/UPV.</li>
<li>Aneiros Pereira, Jaime. Zerga-Zuzenbidean eta Finantza Zuzenbidean Irakasle Tituluduna Vigoko Unibertsitatean.</li>
<li>Antón Garmendia, Unai. Aduana Ordezkaria, AEAT.</li>
<li>Belintxon Martin, Unai. Nazioarteko Zuzenbide Pribatuko irakasle Titularra. UPNA.</li>
<li>Chicharro Lázaro, Alicia. Irakasle kontratuduna Nazioarteko Zuzenbide Publikoan Doktorea. UPNA.</li>
<li>Emparanza Sobejano, Alberto. Katedraduna Merkataritza Zuzenbidean, UPV/EHU.</li>
<li>Engel Cellier, Luis. Aduana-agentea ✟</li>
<li>Casado Abarquero, Marta. Nazioarteko Zuzenbide Pribatuko Irakasle Kontratatua. Deustuko Unibertsitatea.</li>
<li>Castro Bosque, Marina. Zerga-Zuzenbidean eta Finantza Zuzenbidean Irakasle Doktorea, UPNA.</li>
<li>Fernández de Casadevante Mayordomo, Pablo. Irakasle Titularra, Doktorea. Universidad Rey Juan Carlos de Madrid.</li>
<li>Fernández Llamero, Zuriñe. Aduana-agentea</li>
<li>Fernández Zurilla, Eva. Irakaslea.</li>
<li>García Álvarez, Belén. Irakasle Arduraduna, Doktorea Merkataritza Zuzenbidean. Deustuko Unibertsitatea.</li>
<li>Gluhaia, Irakasle Laguntzailea, UNIR</li>
<li>Gutiérrez Grijalba, Pablo. Aduana-Ordezkaria eta Aduana Zuzendaria. XPO Logistics.</li>
<li>Iriarte Ángel, José Luis. Nazioarteko Zuzenbide Pribatuko Katedraduna. UPNA.</li>
<li>Lara González, Rafael. Merkataritza Zuzenbideko Katedraduna. UPNA.</li>
<li>Magallón Elosegui, Nerea. Ramon y Cajal Nazioarteko Zuzenbide Pribatuko Irakasle Ikerlaria. Deustuko Unibertsitatea.</li>
<li>Martínez Martínez, Enrique. Aduana-agentea.</li>
<li>Mesa Dávila, Francisco. Nazioarteko Zuzenbide Pribatuko Irakaslea.</li>
<li>Orbegozo Miguel, Xabier. Nazioarteko Zuzenbide Pribatuko Irakaslea. UPNA.</li>
<li>Orena Domínguez, Aitor. Zerga-Zuzenbidean eta Finantza-Zuzenbidean Irakasle Tituluduna. EHU/UPV.</li>
<li>Palao Bastardés, Belén, BLN PALAO ABOGADOS, S.L.P-ko Zuzendari-bazkidea.</li>
<li>Urrosolo Muñoz, Josune. Irakaslea IES Plaiaundi BHI.</li>
<li>Visiers Echeveste, Carmen, Aduana Ordezkaria.</li>
<li>Visiers Lecanda, Martin Aduana-Agentea.</li>
<li>Zurutuza Arigita, Iñaki. Merkataritza-Zuzenbideko irakasle titularra. UPNA.</li>
</ul>
<p>[/et_pb_text][/et_pb_column][/et_pb_row][/et_pb_section][et_pb_section fb_built=&#8221;1&#8243; theme_builder_area=&#8221;post_content&#8221; _builder_version=&#8221;4.27.7&#8243; _module_preset=&#8221;default&#8221; custom_padding=&#8221;4px|||||&#8221;][et_pb_row _builder_version=&#8221;4.27.7&#8243; _module_preset=&#8221;default&#8221; min_height=&#8221;152.6px&#8221; global_colors_info=&#8221;{}&#8221; theme_builder_area=&#8221;post_content&#8221;][et_pb_column type=&#8221;4_4&#8243; _builder_version=&#8221;4.27.7&#8243; _module_preset=&#8221;default&#8221; global_colors_info=&#8221;{}&#8221; theme_builder_area=&#8221;post_content&#8221;][et_pb_divider _builder_version=&#8221;4.27.7&#8243; _module_preset=&#8221;default&#8221; module_alignment=&#8221;center&#8221; custom_margin=&#8221;||0px|||&#8221; global_colors_info=&#8221;{}&#8221; theme_builder_area=&#8221;post_content&#8221;][/et_pb_divider][et_pb_text _builder_version=&#8221;4.27.7&#8243; _module_preset=&#8221;default&#8221; text_font=&#8221;|700|||||||&#8221; text_font_size=&#8221;26px&#8221; global_colors_info=&#8221;{}&#8221; theme_builder_area=&#8221;post_content&#8221;]</p>
<p>Kolaboratzaileak</p>
<p>[/et_pb_text][et_pb_image src=&#8221;https://representanteaduanero.cursospropiosbergara.eus/wp-content/uploads/2026/07/faldon_Colaboradcores_Representante.png&#8221; alt=&#8221;faldón_Representante-Aduanero&#8221; title_text=&#8221;faldon_Colaboradcores_Representante&#8221; _builder_version=&#8221;4.27.7&#8243; _module_preset=&#8221;default&#8221; global_colors_info=&#8221;{}&#8221; theme_builder_area=&#8221;post_content&#8221;][/et_pb_image][/et_pb_column][/et_pb_row][/et_pb_section]</p>

<p>IrakasleriaUnai Belintxon Martín Zuzendaria Unai Belintxon Martín Nazioarteko Zuzenbide Pribatuko irakasle titularra da Nafarroako Unibertsitate Publikoan (UPNA), eta jarduneko abokatua Gipuzkoako Abokatuen Elkargoan (2009-2016). Belintxon irakaslearen ikerketa-jarduera, batez ere, Europako eta nazioarteko garraioaren zuzenbidean, nazioarteko zuzenbide pribatuan, nazioarteko merkataritzaren zuzenbidean, nazioarteko zuzenbide prozesal zibilean, garraioaren sektoreko lehiaren zuzenbidean, giza eskubideetan eta nazioarteko negozioetan, eta eskualdeen [&hellip;]</p>
